{"id":19,"date":"2023-05-12T12:01:37","date_gmt":"2023-05-12T15:01:37","guid":{"rendered":"https:\/\/senadoer.gob.ar\/construir-comunidad\/?page_id=19"},"modified":"2023-11-17T11:11:50","modified_gmt":"2023-11-17T14:11:50","slug":"herramientas","status":"publish","type":"page","link":"https:\/\/senadoer.gob.ar\/construir-comunidad\/herramientas\/","title":{"rendered":"Herramientas"},"content":{"rendered":"<p>El Programa pone a disposici\u00f3n de las instituciones diversas herramientas para darles formaci\u00f3n, soporte y acompa\u00f1amiento en temas de gesti\u00f3n, comunicaci\u00f3n, voluntariado y fondeo, para que cada organizaci\u00f3n pueda dar pasos concretos y acceder a posibilidades de desarrollo institucional.<\/p>\n<p>Estas son algunas:<br \/>\nCapacitaciones a trav\u00e9s de webinarios o presenciales que brindan formaci\u00f3n, soporte y acompa\u00f1amiento, herramientas y articulaci\u00f3n, en temas de gesti\u00f3n, comunicaci\u00f3n, voluntariado y fondeo.<br \/>\n<!-- \u00bb DETALLE DE CAPACITACIONES DISPONIBLES. Asistencia a la formulaci\u00f3n de proyectos. \u00bb LINK A ALG\u00daN LADO QUE DE INICIO A UN TRAMITE O SIMILAR. Regularizaci\u00f3n. \u00bb LINK A ALG\u00daN LADO QUE DE INICIO A UN TRAMITE O SIMILAR. --><\/p>\n<p><strong>ASESORAMIENTO Y CONSULTORIA<\/strong><br \/>\nTodos los jueves y viernes, de 8 a 13 hs.<br \/>\n<strong><em>Espacio de asesoramiento y consultor\u00eda<\/em><\/strong> en temas de gesti\u00f3n, formulaci\u00f3n de proyectos, recursos humanos (gesti\u00f3n de desempe\u00f1o y roles de la organizaci\u00f3n), tecnolog\u00eda para la ONG, formulaci\u00f3n de base de datos, comunicaci\u00f3n, fondeo y voluntariado.<br \/>\nLas reservas se realizan por tel\u00e9fono o whatsapp: 343 5302692<\/p>\n","protected":false},"excerpt":{"rendered":"<p>El Programa pone a disposici\u00f3n de las instituciones diversas herramientas para darles formaci\u00f3n, soporte y acompa\u00f1amiento en temas de gesti\u00f3n, comunicaci\u00f3n, voluntariado y fondeo, para que cada organizaci\u00f3n pueda dar pasos concretos y acceder a posibilidades de desarrollo institucional. Estas son algunas: Capacitaciones a trav\u00e9s de webinarios o presenciales que brindan formaci\u00f3n, soporte y acompa\u00f1amiento, [&hellip;]<\/p>\n","protected":false},"author":1,"featured_media":0,"parent":0,"menu_order":0,"comment_status":"closed","ping_status":"closed","template":"templates\/page-rojo.php","meta":{"_acf_changed":false,"footnotes":""},"class_list":["post-19","page","type-page","status-publish","hentry"],"acf":[],"_links":{"self":[{"href":"https:\/\/senadoer.gob.ar\/construir-comunidad\/wp-json\/wp\/v2\/pages\/19","targetHints":{"allow":["GET"]}}],"collection":[{"href":"https:\/\/senadoer.gob.ar\/construir-comunidad\/wp-json\/wp\/v2\/pages"}],"about":[{"href":"https:\/\/senadoer.gob.ar\/construir-comunidad\/wp-json\/wp\/v2\/types\/page"}],"author":[{"embeddable":true,"href":"https:\/\/senadoer.gob.ar\/construir-comunidad\/wp-json\/wp\/v2\/users\/1"}],"replies":[{"embeddable":true,"href":"https:\/\/senadoer.gob.ar\/construir-comunidad\/wp-json\/wp\/v2\/comments?post=19"}],"version-history":[{"count":6,"href":"https:\/\/senadoer.gob.ar\/construir-comunidad\/wp-json\/wp\/v2\/pages\/19\/revisions"}],"predecessor-version":[{"id":161,"href":"https:\/\/senadoer.gob.ar\/construir-comunidad\/wp-json\/wp\/v2\/pages\/19\/revisions\/161"}],"wp:attachment":[{"href":"https:\/\/senadoer.gob.ar\/construir-comunidad\/wp-json\/wp\/v2\/media?parent=19"}],"curies":[{"name":"wp","href":"https:\/\/api.w.org\/{rel}","templated":true}]}}